{"id":396,"date":"2015-03-09T14:30:31","date_gmt":"2015-03-09T14:30:31","guid":{"rendered":"http:\/\/digestivointegral.es\/?page_id=396"},"modified":"2026-01-06T18:07:25","modified_gmt":"2026-01-06T18:07:25","slug":"nuestra-cartera-de-servicios","status":"publish","type":"page","link":"https:\/\/digestivointegral.es\/index.php\/nuestra-cartera-de-servicios\/","title":{"rendered":"Nuestra Cartera de Servicios"},"content":{"rendered":"<h2><span style=\"color: #5878af;\"><strong>Consultas especializadas<\/strong><\/span><\/h2>\n<p>Aunque estudiamos y tratamos patolog\u00eda digestiva en general, estamos especialmente dedicados al estudio de la enfermedad digestiva funcional, intolerancias alimentarias y neurogastroenterolog\u00eda: enfermedad por reflujo gastroesof\u00e1gico, disfagia, tratornos motores esof\u00e1gicos, dispepsia funcional, alteraciones del vaciamiento g\u00e1strico, s\u00edndrome de intestino irritable, sobrecrecimiento bacteriano, estre\u00f1imiento cr\u00f3nico, diarrea cr\u00f3nica, dolor abdominal cr\u00f3nico funcional, intolerancias alimentarias, incontinencia anal, dolor anal cr\u00f3nico, etc.<\/p>\n<h2><strong><span style=\"color: #5878af;\">Exploraciones y tratamientos especiales de nuestro Laboratorio de Motilidad Digestiva<\/span><\/strong><\/h2>\n<p style=\"line-height: 1.3; padding: 1%; float: left; width: 30%; border: 1px solid #d8d8d8; margin-top: 15px; margin-left: 0px;\"><a title=\"Manometr\u00eda esof\u00e1gica\" href=\"http:\/\/digestivointegral.es\/index.php\/nuestra-cartera-de-servicios\/manometria-esofagica\/\"><span style=\"font-size: 13pt; color: #000000;\"><strong>Manometr\u00eda esof\u00e1gica<\/strong><\/span><img loading=\"lazy\" decoding=\"async\" class=\" size-full wp-image-415 aligncenter\" src=\"http:\/\/digestivointegral.es\/wp-content\/uploads\/2015\/03\/esofagica.jpg\" alt=\"esofagica\" width=\"284\" height=\"142\" \/> <span style=\"font-size: 10pt; color: #000000;\">Estudia la actividad y funci\u00f3n motora esof\u00e1gica. Es obligatoria antes de la cirug\u00eda antirreflujo, estudio de la disfagia, dolor tor\u00e1cico no cardiol\u00f3gico y afectaci\u00f3n esof\u00e1gica por enfermedad sist\u00e9mica.<\/span><\/a><\/p>\n<p style=\"line-height: 1.3; padding: 1%; float: left; width: 30%; border: 1px solid #d8d8d8; margin-top: 15px; margin-left: 15px;\"><a href=\"http:\/\/digestivointegral.es\/index.php\/nuestra-cartera-de-servicios\/manometria-anorrectal\/\"><span style=\"font-size: 13pt; color: #000000;\"><strong>Manometr\u00eda anorrectal<\/strong><\/span><img loading=\"lazy\" decoding=\"async\" class=\" size-full wp-image-415 aligncenter\" src=\"http:\/\/digestivointegral.es\/wp-content\/uploads\/2015\/03\/anorrectal.jpg\" alt=\"anorrectal\" width=\"284\" height=\"142\" \/> <span style=\"font-size: 10pt; color: #000000;\">Valora la funci\u00f3n anorrectal, siendo sobre todo usado en el estudio de la incontinencia, estre\u00f1imiento cr\u00f3nico funcional, enfermedades del suelo p\u00e9lvico y proctalgia cr\u00f3nica.<\/span><\/a><\/p>\n<p style=\"line-height: 1.3; padding: 1%; float: left; width: 30%; border: 1px solid #d8d8d8; margin-top: 15px; margin-left: 15px;\"><a href=\"http:\/\/digestivointegral.es\/index.php\/nuestra-cartera-de-servicios\/phmetria-ambulatoria-de-24-horas\/\"><span style=\"font-size: 13pt; color: #000000;\"><strong>pHmetr\u00eda ambulatoria 24 horas<\/strong><\/span><img loading=\"lazy\" decoding=\"async\" class=\" size-full wp-image-415 aligncenter\" src=\"http:\/\/digestivointegral.es\/wp-content\/uploads\/2015\/03\/ph.jpg\" alt=\"ph\" width=\"284\" height=\"142\" \/> <span style=\"font-size: 10pt; color: #000000;\">Estudia la enfermedad por reflujo gastroesof\u00e1gico mediante la monitorizaci\u00f3n totalmente ambulatoria del pH esof\u00e1gico en pacientes con endoscopia normal o s\u00edntomas extradigestivos.<\/span><\/a><\/p>\n<p style=\"line-height: 1.3; padding: 1%; float: left; width: 30%; border: 1px solid #d8d8d8; margin-top: 15px; margin-left: 0px;\"><a title=\"Test de Hidr\u00f3geno Espirado\" href=\"http:\/\/digestivointegral.es\/index.php\/nuestra-cartera-de-servicios\/test-de-hidrogeno-espirado\/\"><span style=\"font-size: 13pt; color: #000000;\"><strong>Test de Hidr\u00f3geno Espirado<\/strong><\/span><img loading=\"lazy\" decoding=\"async\" class=\" size-full wp-image-415 aligncenter\" src=\"http:\/\/digestivointegral.es\/wp-content\/uploads\/2015\/03\/hidrogeno.jpg\" alt=\"hidrogeno\" width=\"284\" height=\"142\" \/><span style=\"font-size: 10pt; color: #000000;\">Mide el gas intestinal, siendo \u00fatil en el estudio de la intolerancia a la lactosa, fructosa, sorbitol, trehalosa, sacarosa, malabsorci\u00f3n intestinal y sobrecrecimiento bacteriano.<\/span><\/a><\/p>\n<p style=\"line-height: 1.3; padding: 1%; float: left; width: 30%; border: 1px solid #d8d8d8; margin-top: 15px; margin-left: 15px;\"><a href=\"http:\/\/digestivointegral.es\/index.php\/nuestra-cartera-de-servicios\/test-de-aliento-helicobacter-pylori\/\"><span style=\"color: #333333;\"><span style=\"font-size: 13pt;\"><strong>Test aliento Helicobacter Pylori<\/strong><\/span><img loading=\"lazy\" decoding=\"async\" class=\" wp-image-504 size-full aligncenter\" src=\"http:\/\/digestivointegral.es\/wp-content\/uploads\/2015\/03\/helicobacter.jpg\" alt=\"\" width=\"284\" height=\"141\" \/><span style=\"font-size: 10pt;\">Esta bacteria infecta el est\u00f3mago y produce gastritis cr\u00f3nica y \u00falcera, siendo esta sencilla exploraci\u00f3n la m\u00e1s sensible para detectarla, incluso superior a la biopsias por endoscopia.<\/span><\/span><\/a><\/p>\n<p style=\"line-height: 1.3; padding: 1%; float: left; width: 30%; border: 1px solid #d8d8d8; margin-top: 15px; margin-left: 15px;\"><span style=\"font-size: 13pt;\"><strong>Ecograf\u00eda abdominal<\/strong><\/span><img loading=\"lazy\" decoding=\"async\" class=\" wp-image-490 size-full aligncenter\" src=\"http:\/\/digestivointegral.es\/wp-content\/uploads\/2015\/03\/eco.jpg\" alt=\"\" width=\"284\" height=\"142\" \/><span style=\"font-size: 10pt;\">T\u00e9cnica inocua que se puede usar incluso en embarazadas. Sirve para ver ves\u00edcula, h\u00edgado, p\u00e1ncreas, etc pero tambi\u00e9n valora reflujo en ni\u00f1os y puede estudiar el vaciamiento g\u00e1strico.<\/span><\/p>\n<p style=\"line-height: 1.3; padding: 1%; float: left; width: 30%; border: 1px solid #d8d8d8; margin-top: 15px; margin-left: 0px;\"><a href=\"http:\/\/digestivointegral.es\/index.php\/nuestra-cartera-de-servicios\/biofeedback-anorrectal\/\"><span style=\"font-size: 13pt; color: #000000;\"><strong>Biofeedback anorrectal<\/strong><\/span><img loading=\"lazy\" decoding=\"async\" class=\" size-full wp-image-464 aligncenter\" src=\"http:\/\/digestivointegral.es\/wp-content\/uploads\/2015\/03\/biof.jpg\" alt=\"biof\" width=\"283\" height=\"142\" \/><span style=\"font-size: 10pt; color: #000000;\">M\u00e9todo no invasivo usado para la reeducaci\u00f3n y tratamiento de las disfunciones del suelo p\u00e9lvico, sobre todo incontinencia anal y estre\u00f1imiento cr\u00f3nico distal.<\/span><\/a><\/p>\n<p style=\"line-height: 1.3; padding: 1%; float: left; width: 30%; border: 1px solid #d8d8d8; margin-top: 15px; margin-left: 15px;\"><span style=\"color: #000000;\"><a style=\"color: #000000;\" href=\"http:\/\/digestivointegral.es\/index.php\/nuestra-cartera-de-servicios\/electromodulacion-tibial-posterior\/\"><span style=\"font-size: 13pt;\"><strong>Electromodulaci\u00f3n tibial posterior<\/strong><\/span><img loading=\"lazy\" decoding=\"async\" class=\" wp-image-466 size-full aligncenter\" src=\"http:\/\/digestivointegral.es\/wp-content\/uploads\/2015\/03\/electroestimulaciontibialposterior.jpg\" alt=\"\" width=\"283\" height=\"142\" \/><span style=\"font-size: 10pt;\">Estimula por v\u00eda retr\u00f3grada las raices sacras y nervio pudendo. Se usa en el tratamiento de disfunciones del suelo p\u00e9lvico con incontinencia urinaria o anal y dolor perineal cr\u00f3nico.<\/span><\/a><\/span><\/p>\n<p style=\"line-height: 1.3; padding: 1%; float: left; width: 30%; border: 1px solid #d8d8d8; margin-top: 15px; margin-left: 15px;\"><span style=\"color: #000000;\"><a style=\"color: #000000;\" href=\"http:\/\/digestivointegral.es\/index.php\/nuestra-cartera-de-servicios\/tiempo-de-transito-colonico-con-marcadores-radiopacos\/\"><span style=\"font-size: 13pt;\"><strong>Tr\u00e1nsito col\u00f3nico con marcadores<\/strong><\/span><img loading=\"lazy\" decoding=\"async\" class=\" wp-image-480 size-full aligncenter\" src=\"http:\/\/digestivointegral.es\/wp-content\/uploads\/2015\/03\/marcadores.jpg\" alt=\"\" width=\"283\" height=\"141\" \/><span style=\"font-size: 10pt;\">Exploraci\u00f3n muy \u00fatil en la valoraci\u00f3n del estre\u00f1imiento cr\u00f3nico funcional, ayudando a conocer el tiempo en el que las heces son capaces de transitar por el colon.<\/span><\/a><\/span><\/p>\n<p><span style=\"color: #000000;\"><a style=\"color: #000000;\" href=\"http:\/\/digestivointegral.es\/index.php\/tiempo-de-transito-colonico-con-marcadores-radiopacos\/\">\u00a0<\/a><\/span><\/p>\n","protected":false},"excerpt":{"rendered":"<p>Consultas especializadas Aunque estudiamos y tratamos patolog\u00eda digestiva en general, estamos especialmente dedicados al estudio de la enfermedad digestiva funcional, intolerancias alimentarias y neurogastroenterolog\u00eda: enfermedad por reflujo gastroesof\u00e1gico, disfagia, tratornos motores esof\u00e1gicos, dispepsia funcional, alteraciones del vaciamiento g\u00e1strico, s\u00edndrome de intestino irritable, sobrecrecimiento bacteriano, estre\u00f1imiento cr\u00f3nico, diarrea cr\u00f3nica, dolor abdominal cr\u00f3nico funcional, intolerancias alimentarias, incontinencia &hellip; <\/p>\n<p><a class=\"more-link block-button\" href=\"https:\/\/digestivointegral.es\/index.php\/nuestra-cartera-de-servicios\/\">Continuar leyendo &raquo;<\/a><\/p>\n","protected":false},"author":2,"featured_media":415,"parent":0,"menu_order":0,"comment_status":"open","ping_status":"closed","template":"template-onecolumn.php","meta":{"ngg_post_thumbnail":0,"footnotes":""},"class_list":["post-396","page","type-page","status-publish","has-post-thumbnail","hentry","nodate"],"_links":{"self":[{"href":"https:\/\/digestivointegral.es\/index.php\/wp-json\/wp\/v2\/pages\/396","targetHints":{"allow":["GET"]}}],"collection":[{"href":"https:\/\/digestivointegral.es\/index.php\/wp-json\/wp\/v2\/pages"}],"about":[{"href":"https:\/\/digestivointegral.es\/index.php\/wp-json\/wp\/v2\/types\/page"}],"author":[{"embeddable":true,"href":"https:\/\/digestivointegral.es\/index.php\/wp-json\/wp\/v2\/users\/2"}],"replies":[{"embeddable":true,"href":"https:\/\/digestivointegral.es\/index.php\/wp-json\/wp\/v2\/comments?post=396"}],"version-history":[{"count":128,"href":"https:\/\/digestivointegral.es\/index.php\/wp-json\/wp\/v2\/pages\/396\/revisions"}],"predecessor-version":[{"id":1501,"href":"https:\/\/digestivointegral.es\/index.php\/wp-json\/wp\/v2\/pages\/396\/revisions\/1501"}],"wp:featuredmedia":[{"embeddable":true,"href":"https:\/\/digestivointegral.es\/index.php\/wp-json\/wp\/v2\/media\/415"}],"wp:attachment":[{"href":"https:\/\/digestivointegral.es\/index.php\/wp-json\/wp\/v2\/media?parent=396"}],"curies":[{"name":"wp","href":"https:\/\/api.w.org\/{rel}","templated":true}]}}