{"id":797,"date":"2015-03-28T23:20:10","date_gmt":"2015-03-28T23:20:10","guid":{"rendered":"http:\/\/digestivointegral.es\/?page_id=797"},"modified":"2026-01-25T17:31:12","modified_gmt":"2026-01-25T17:31:12","slug":"test-de-hidrogeno-espirado","status":"publish","type":"page","link":"https:\/\/digestivointegral.es\/index.php\/nuestra-cartera-de-servicios\/test-de-hidrogeno-espirado\/","title":{"rendered":"Test de Hidr\u00f3geno espirado"},"content":{"rendered":"<p><span style=\"font-size: medium; color: #333399;\"><strong>\u00bfQu\u00e9 es el test de Hidr\u00f3geno espirado?<\/strong><\/span><\/p>\n<p>Las bacterias intestinales tienen la capacidad de descomponer los azucares liberando Hidr\u00f3geno. Este pasa al torrente circulatorio y de aqu\u00ed al pulm\u00f3n, expuls\u00e1ndose finalmente al exterior mediante la respiraci\u00f3n.<\/p>\n<p>El test de Hidr\u00f3geno espirado consiste en la medici\u00f3n de hidr\u00f3geno en el aire que respiramos tras la administraci\u00f3n de un azucar que nos sirve como sustrato seg\u00fan la aplicaci\u00f3n que le queramos dar al test.<\/p>\n<p>Fundamentalmente lo vamos a usar en el estudio de:<\/p>\n<ul>\n<li>Intolerancia a la lactosa<\/li>\n<li>Intolerancia a la fructosa-sorbitol<\/li>\n<li>Intolerancia a la sacarosa<\/li>\n<li>Intolerancia a trehalosa<\/li>\n<li>Sobrecrecimiento bacteriano (glucosa, lactitol o lactulosa)<\/li>\n<li>Tiempo de tr\u00e1nsito orocecal (lactitol o lactulosa)<\/li>\n<li>Estudio de malabsorci\u00f3n intestinal (D-xilosa)<\/li>\n<\/ul>\n<p>&nbsp;<\/p>\n<div>\n<p><span style=\"font-size: medium; color: #333399;\"><strong>\u00bfC\u00f3mo se realiza el test y que preparaci\u00f3n necesito?<\/strong><\/span><\/p>\n<p style=\"text-align: left;\">Soplando en un peque\u00f1o aparato que analiza el Hidr\u00f3geno de nuestro aliento. Se hace una primera medici\u00f3n basal y despu\u00e9s de la administraci\u00f3n del azucar sustrato, se hacen mediciones cada 15 a 30 minutos durante un periodo de 1 a 2 horas y media (el intervalo y duraci\u00f3n dependen del tipo de test ).<\/p>\n<p>El d\u00eda anterior a su realizaci\u00f3n se debe procurar no tomar frutas. El d\u00eda de la prueba se debe acudir en ayunas y tampoco se deben masticar chicles ni caramelos al menos 8 horas (excepto agua), no se debe fumar 2 o 3 horas antes del estudio y no haber tomado antibi\u00f3ticos en al menos los 7 \u00faltimos d\u00edas. Es aconsejable cepillarse los dientes antes de venir a la consulta, pero con mucho cuidado, evitando tragar pasta dental (tiene sorbitol) y enjuag\u00e1ndose muy bien despu\u00e9s con abundante agua.<\/p>\n<p>&nbsp;<\/p>\n<p><a href=\"http:\/\/digestivointegral.es\/wp-content\/uploads\/2015\/03\/hidro2-300x225.jpg\"><img loading=\"lazy\" decoding=\"async\" class=\"alignnone size-full wp-image-806\" src=\"http:\/\/digestivointegral.es\/wp-content\/uploads\/2015\/03\/hidro2-300x225.jpg\" alt=\"hidro2-300x225\" width=\"300\" height=\"225\"><\/a>&nbsp; &nbsp;<a href=\"http:\/\/digestivointegral.es\/wp-content\/uploads\/2015\/03\/hidro-300x224.jpg\"><img loading=\"lazy\" decoding=\"async\" class=\"alignnone size-full wp-image-807\" src=\"http:\/\/digestivointegral.es\/wp-content\/uploads\/2015\/03\/hidro-300x224.jpg\" alt=\"hidro-300x224\" width=\"300\" height=\"224\"><\/a><\/p>\n<p>&nbsp;<\/p>\n<p><span style=\"font-size: medium; color: #333399;\"><strong>\u00bfExisten contraindicaciones o complicaciones?<\/strong><\/span><\/p>\n<p>No existen contraindicaciones para su realizaci\u00f3n.<\/p>\n<p>Si usted tiene intolerancia o sobrecrecimiento bacteriano, puede experimentar los s\u00edntomas propios de estos s\u00edndromes: gases, movimientos intestinales, hinchaz\u00f3n del abdomen y en ocasiones diarrea, pero estos suelen ser similares a los que padece ya a diario y generalmente son leves y transitorios.<\/p>\n<\/div>\n<p>&nbsp;<\/p>\n<div><span style=\"color: #333399; font-size: 12pt;\"><strong>\u00bfQu\u00e9 es la intolerancia a lactosa?<\/strong><\/span><\/div>\n<p>La lactosa es el principal az\u00facar de la leche. Se trata de un disac\u00e1rido compuesto por la un\u00edon de una mol\u00e9cula de glucosa y &nbsp;otra de galactosa.<\/p>\n<p>La malabsorci\u00f3n de lactosa se produce por el d\u00e9ficit de lactasa, una sustancia del intestino delgado cuya misi\u00f3n es ayudar a la absorci\u00f3n de la lactosa, ya que descompone \u00e9sta en sus dos mol\u00e9culas fundamentales. Cuando esto ocurre, el az\u00facar no absorbido pasa al colon, donde las bacterias lo fermentan produciendo agua, \u00e1cidos y gas.<img loading=\"lazy\" decoding=\"async\" class=\" size-full wp-image-812 alignright\" src=\"http:\/\/digestivointegral.es\/wp-content\/uploads\/2015\/03\/lacteos.jpg\" alt=\"lacteos\" width=\"300\" height=\"258\"><\/p>\n<p>La intolerancia a lactosa son los s\u00edntomas asociados a esta fermentaci\u00f3n y consisten fundamentalmente en distensi\u00f3n y dolor abdominal, flatulencia, meteorismo, ruidos y movimientos intestinales, y &nbsp;en algunos pacientes diarrea cr\u00f3nica.<\/p>\n<p>A la hora de valorar este s\u00edndrome hay que tener en cuenta que tanto el grado de malabsorci\u00f3n (que depende del d\u00e9ficit de lactasa) como el grado de intolerancia (que depende de la sensibilidad intestinal) es variable de unos pacientes a otros y no siempre van relacionados. As\u00ed, por ejemplo, pacientes con una elevada sensibilidad intestinal (como ocurre en el s\u00edndrome de intestino irritable) suelen tener muchos s\u00edntomas aunque su grado de malabsorci\u00f3n no sea muy alto. Por este motivo, el test de Hidr\u00f3geno espirado debe ser considerado un test funcional y no una mera prueba de laboratorio, donde el papel de m\u00e9dico de digestivo en colaboraci\u00f3n con un personal de enfermer\u00eda entrenado es fundamental, no solo a la hora de evaluar la gravedad de la malabsorci\u00f3n sino tambi\u00e9n a la hora de valorar los s\u00edntomas que esta produce y establecer una dieta adecuada.<\/p>\n<p>Por \u00faltimo varias consideraciones importantes:<\/p>\n<ul>\n<li>es una patolog\u00eda frecuente y a veces mal conocida por pacientes y m\u00e9dicos, siendo fundamental para su correcto diagn\u00f3stico un alto grado de sospecha y la realizaci\u00f3n de un test de Hidr\u00f3geno espirado.<\/li>\n<li>aunque puede ser cong\u00e9nita (desde el nacimiento) lo m\u00e1s probable es que se desarrolle a lo largo de la infancia y en muchas ocasiones en la edad adulta.<\/li>\n<li>puede ser primaria (sin que exista ninguna otra causa) o secundaria a otra enfermedad que afecte al intestino delgado. El diagn\u00f3stico diferencial de ambas corresponde al m\u00e9dico.<\/li>\n<li>puede ser permantente (lo m\u00e1s frecuente) o transitoria.<\/li>\n<li>produce a veces s\u00edntomas muy molestos pero casi nunca estos son graves e invalidantes.<\/li>\n<li>una dieta pobre en lactosa mejora a la mayor\u00eda de los pacientes, pero esta se debe establecer de una forma racional e individual, en base a la gravedad de la malabsorci\u00f3n y sobre todo al grado de intolerancia.<\/li>\n<\/ul>\n<p>&nbsp;<\/p>\n<p><span style=\"color: #666699;\">&nbsp;<span style=\"font-size: medium; color: #000080;\"><strong>\u00bfQu\u00e9 es la intolerancia a la fructosa-sorbitol?<\/strong><\/span><\/span><\/p>\n<p style=\"text-align: left;\">La fructosa es el principal az\u00facar de las frutas.<img loading=\"lazy\" decoding=\"async\" class=\"alignright wp-image-815 size-full\" src=\"http:\/\/digestivointegral.es\/wp-content\/uploads\/2015\/03\/Frutas-300x222.jpg\" alt=\"Frutas-300x222\" width=\"300\" height=\"222\"><\/p>\n<p style=\"text-align: left;\">El sorbitol es un alcohol az\u00facar tambi\u00e9n com\u00fan en determinadas frutas naturales (peras, manzanas, ciruelas, cerezas, melocotones) y todo tipo de pasas. Adem\u00e1s es de uso com\u00fan en productos diet\u00e9ticos y de reposter\u00eda, medicamentos, chicles, etc., ya que tiene alta capacidad endulzante y aporta pocas calor\u00edas.<\/p>\n<p style=\"text-align: left;\">La mezcla de estos dos az\u00facares suele ser bastante in<img loading=\"lazy\" decoding=\"async\" class=\" wp-image-814 size-full alignright\" src=\"http:\/\/digestivointegral.es\/wp-content\/uploads\/2015\/03\/Bolleria-300x203.jpg\" alt=\"Bolleria-300x203\" width=\"300\" height=\"203\">digesta para muchos pacientes ya que ambos compiten por su absorci\u00f3n en el intestino delgado. Pero sin embargo cuando se mezclan con otros azucares, como sacarosa o glucosa, su absorci\u00f3n mejora; esto explica porque los alimentos m\u00e1s dulces no son necesariamente los que m\u00e1s intolerancia producen.<\/p>\n<p style=\"text-align: left;\">La intolerancia a fructosa y\/o sorbitol son los s\u00edntomas asociados a esta malabsorci\u00f3n y consisten fundamentalmente en flatulencia, distensi\u00f3n y dolor abdominal, retortijones, ruidos de gorgoteo, movimientos intestinales, diarrea, n\u00e1useas, cefaleas, etc.<\/p>\n<p style=\"text-align: left;\">Esta intolerancia, aunque menos conocida que la de la lactosa, es tan frecuente o m\u00e1s que \u00e9sta. De nuevo un alto grado de sospecha junto con la realizaci\u00f3n de un test de Hidr\u00f3geno espirado, son necesarios para su diagn\u00f3stico. Aunque puede ser tr\u00e1nsitoria y secundaria, con mayor frecuencia es primaria y permanente. Los s\u00edntomas que produce, aunque molestos en muchas ocasiones, suelen ser leves. La dieta individualizada, seg\u00fan el grado de intolerancia, es el tratamiento de elecci\u00f3n en estos pacientes.<\/p>\n<p>&nbsp;<\/p>\n<p><span style=\"color: #000080;\">&nbsp;<span style=\"font-size: medium;\"><strong>\u00bfQu\u00e9 es la intolerancia a la sacarosa?<\/strong><\/span><\/span><\/p>\n<p>La sacarosa, m\u00e1s conocida como az\u00facar com\u00fan, es un disac\u00e1rido compuesto por glucosa y fructosa; sin embargo, su absorci\u00f3n en independiente de la fructosa, ya que en el intestino existe un enzima espec\u00edfica para la absorci\u00f3n de la sacarosa.<\/p>\n<p>Se trata de una malabsorci\u00f3n rara, estim\u00e1ndose que el porcentaje de poblaci\u00f3n afecta en nuestro medio es inferior al 1%.<\/p>\n<p>Los intolerancia son los s\u00edntomas asociados a esta malabsorci\u00f3n y son&nbsp;muy parecidos a los de la lactosa y fructosa-sorbitol.<\/p>\n<p>Para su diagn\u00f3stico se puede usar el test de Hidr\u00f3geno espirado.<\/p>\n<p>La dieta baja en sacarosa es el tratamiento de elecci\u00f3n, no siendo necesaria la restricci\u00f3n &nbsp;de fructosa y sorbitol (ya que como deciamos al principio, sus mecanismo de absorci\u00f3n son diferentes).<\/p>\n<p>&nbsp;<\/p>\n<p><span style=\"color: #000080;\">&nbsp;<span style=\"font-size: medium;\"><strong>\u00bfQu\u00e9 es la intolerancia a la trehalosa?<\/strong><\/span><\/span><\/p>\n<p><a href=\"http:\/\/digestivointegral.es\/wp-content\/uploads\/2015\/03\/Intolerancia-a-la-trehalosa.jpg\"><img loading=\"lazy\" decoding=\"async\" class=\"alignright wp-image-820 size-medium\" src=\"http:\/\/digestivointegral.es\/wp-content\/uploads\/2015\/03\/Intolerancia-a-la-trehalosa-300x138.jpg\" alt=\"Intolerancia-a-la-trehalosa\" width=\"300\" height=\"138\" srcset=\"https:\/\/digestivointegral.es\/wp-content\/uploads\/2015\/03\/Intolerancia-a-la-trehalosa-300x138.jpg 300w, https:\/\/digestivointegral.es\/wp-content\/uploads\/2015\/03\/Intolerancia-a-la-trehalosa.jpg 500w\" sizes=\"auto, (max-width: 300px) 100vw, 300px\" \/><\/a>Los s\u00edntomas asociados a la malabsorci\u00f3n del az\u00facar de los champi\u00f1ones y setas. Esta intolerancia, aunque considerada inicialmente rara, posiblemente sea m\u00e1s frecuente de lo esperado en un principio y solo est\u00e9 infradiagnosticada. Sus s\u00edntomas son similares a los de otras intolerancias, siendo tambi\u00e9n \u00fatil en el diagn\u00f3stico el test de Hidr\u00f3geno espirado.<\/p>\n<p>&nbsp;<\/p>\n<p><span style=\"font-size: medium; color: #000080;\"><strong>\u00bfQu\u00e9 es el sobrecrecimiento bacteriano?<\/strong><\/span><\/p>\n<p><a href=\"http:\/\/digestivointegral.es\/wp-content\/uploads\/2015\/03\/Rifaximina-y-Lactobacillus-300x173.png\"><img loading=\"lazy\" decoding=\"async\" class=\"alignright wp-image-821 size-medium\" src=\"http:\/\/digestivointegral.es\/wp-content\/uploads\/2015\/03\/Rifaximina-y-Lactobacillus-300x173-300x173.png\" alt=\"Rifaximina-y-Lactobacillus-300x173\" width=\"300\" height=\"173\"><\/a><\/p>\n<p>En el intestino existen bacterias, pero estas suelen estar solo en un n\u00famero elevado en el colon. Cuando existe una disminuci\u00f3n de la secreci\u00f3n de \u00e1cido por el est\u00f3mago por cirug\u00eda o uso cr\u00f3nico de IBPs (protectores del est\u00f3mago), cirug\u00eda intestinal o divert\u00edculos o trastornos motores en el intestino delgado, pueden crecer m\u00e1s bacterias de la cuenta sin producir una verdadera infecci\u00f3n, llam\u00e1ndose a esto sobrecrecimiento bacteriano.<\/p>\n<p>Este excesivo n\u00famero de bacterias no solo disminuye la absorci\u00f3n de nutrientes, minerales como el hierro y vitaminas como la B12, sino que tambi\u00e9n fermentan y descomponen az\u00facares en la luz del intestino delgado, formando agua, \u00e1cidos y gas, siendo todo esto responsable de los s\u00edntomas de esta enfermedad.<\/p>\n<p>De nuevo un alto grado de sospecha cl\u00ednica y el test de Hidr\u00f3geno espirado son necesarios para su diagn\u00f3stico.<\/p>\n<p>El tratamiento consiste fundamentalmente en corregir los factores causantes de la enfermedad y el uso de antibi\u00f3ticos-probi\u00f3ticos de forma adecuada.<\/p>\n<p>&nbsp;<\/p>\n<p>&nbsp;<\/p>\n<p><span style=\"color: #000080;\"><strong><span style=\"font-size: medium;\">\u00bfCuales son por tanto las indicaciones fundamentales del Test de Hidr\u00f3geno espirado?<\/span><\/strong><\/span><\/p>\n<p><span style=\"font-size: 12pt; color: #000000;\">&#8211;&nbsp;<strong>Sospecha de intolerancia a la lactosa o fructosa-sorbitol:<\/strong><\/span><\/p>\n<ul>\n<li>Dolor abdominal cr\u00f3nico, continuo o intermitente, de causa no suficientemente aclarada.<\/li>\n<li><span style=\"text-align: justify;\">Distensi\u00f3n abdominal y meteorismo (gases) frecuentes.<\/span><\/li>\n<li><span style=\"text-align: justify;\">Movimientos y ruidos intestinales frecuentes, con o sin dolor abdominal asociado.<\/span><\/li>\n<li><span style=\"text-align: justify;\">Diarrea cr\u00f3nica de causa no aclarada.<\/span><\/li>\n<\/ul>\n<p style=\"text-align: justify;\">&nbsp;<a href=\"http:\/\/digestivointegral.es\/wp-content\/uploads\/2015\/03\/dolor-intolerancia.jpg\"><img loading=\"lazy\" decoding=\"async\" class=\"alignnone wp-image-804\" src=\"http:\/\/digestivointegral.es\/wp-content\/uploads\/2015\/03\/dolor-intolerancia.jpg\" alt=\"dolor-intolerancia\" width=\"780\" height=\"332\" srcset=\"https:\/\/digestivointegral.es\/wp-content\/uploads\/2015\/03\/dolor-intolerancia.jpg 800w, https:\/\/digestivointegral.es\/wp-content\/uploads\/2015\/03\/dolor-intolerancia-300x128.jpg 300w\" sizes=\"auto, (max-width: 780px) 100vw, 780px\" \/><\/a><\/p>\n<p>&nbsp;<\/p>\n<p><span style=\"font-size: 12pt;\"><strong>&#8211; Sospecha de sobrecrecimiento bacteriano: &nbsp;<\/strong><\/span>Dolor abdominal, hinchaz\u00f3n y\/o diarrea, con\/sin signos y s\u00edntomas de malabsorci\u00f3n intestinal. Sobre todo cuando existan factores de riesgo como:<\/p>\n<ul>\n<li>disminuci\u00f3n de la secreci\u00f3n de \u00e1cido (uso continuado de Omeprazol, cirug\u00eda g\u00e1strica, pacientes seniles).<\/li>\n<li>trastornos motores intestinales (diabetes mellitus, esclerodermia, hipotiroidismo, enfermedad de Parkinson, pseudoobstrucci\u00f3n intestinal).<\/li>\n<li>divert\u00edculos m\u00faltiples en el intestino delgado.<\/li>\n<li>s\u00edndrome adherencial tras m\u00faltiples laparotom\u00edas.<\/li>\n<li>enfermedad inflamatoria intestinal, sobre todo enfermedad de Crohn y enteritis por radiaci\u00f3n (tras radioterapia).<\/li>\n<li>enfermedades sist\u00e9micas que afecten a la inmunidad general o local, como la hipogammaglobulinemia y el d\u00e9ficit de IgA.<\/li>\n<li>desnutrici\u00f3n.<\/li>\n<li>uso previo de antisecretores g\u00e1stricos, corticoesteroides y antibi\u00f3ticos.<\/li>\n<\/ul>\n<p>&nbsp;<\/p>\n<p><span style=\"font-size: 12pt;\"><strong>&#8211; Otras:<\/strong><\/span><\/p>\n<ul>\n<li>Sospecha de otros tipos de intolerancia (sacarosa, trehalosa, etc)<\/li>\n<li><span style=\"text-align: justify;\">Sospecha de tr\u00e1nsito en el intestino delgado lento (para conocer el tiempo de tr\u00e1nsito orocecal)<\/span><\/li>\n<li><span style=\"text-align: justify;\">Sospecha de malabsorci\u00f3n intestinal por da\u00f1o del borde en cepillo del intestino delgado (test con D-Xilosa)<\/span><\/li>\n<\/ul>\n<p><a href=\"https:\/\/digestivointegral.es\/wp-content\/uploads\/2026\/01\/Consentimiento-Hidrogeno-espirado.pdf\"><br><img loading=\"lazy\" decoding=\"async\" class=\"alignnone wp-image-1681 alignleft\" src=\"https:\/\/digestivointegral.es\/wp-content\/uploads\/2026\/01\/descarga_pdf.jpg\" alt=\"\" width=\"50\" height=\"53\"> <\/a><\/p>\n<p>&nbsp;<\/p>\n<p style=\"text-align: left;\">(Descarga informaci\u00f3n para el paciente y consentimiento informado)<\/p>\n<p><a href=\"https:\/\/funcionales.es\/formulario-dieta-sin-lactosa-sin-fructosa-sorbitol\/\"><br><img loading=\"lazy\" decoding=\"async\" class=\"alignnone wp-image-1681 alignleft\" src=\"https:\/\/digestivointegral.es\/wp-content\/uploads\/2026\/01\/descarga_pdf.jpg\" alt=\"\" width=\"50\" height=\"53\"> <\/a><\/p>\n<p>&nbsp;<\/p>\n<p style=\"text-align: left;\">(Descarga dietas gratuitas. Formulario descarga)<\/p>\n<p>&nbsp;<\/p>\n\n\n<p><\/p>\n","protected":false},"excerpt":{"rendered":"<p>\u00bfQu\u00e9 es el test de Hidr\u00f3geno espirado? Las bacterias intestinales tienen la capacidad de descomponer los azucares liberando Hidr\u00f3geno. Este pasa al torrente circulatorio y de aqu\u00ed al pulm\u00f3n, expuls\u00e1ndose finalmente al exterior mediante la respiraci\u00f3n. El test de Hidr\u00f3geno espirado consiste en la medici\u00f3n de hidr\u00f3geno en el aire que respiramos tras la administraci\u00f3n &hellip; <\/p>\n<p><a class=\"more-link block-button\" href=\"https:\/\/digestivointegral.es\/index.php\/nuestra-cartera-de-servicios\/test-de-hidrogeno-espirado\/\">Continuar leyendo &raquo;<\/a><\/p>\n","protected":false},"author":2,"featured_media":806,"parent":396,"menu_order":0,"comment_status":"open","ping_status":"open","template":"","meta":{"ngg_post_thumbnail":0,"footnotes":""},"class_list":["post-797","page","type-page","status-publish","has-post-thumbnail","hentry","nodate"],"_links":{"self":[{"href":"https:\/\/digestivointegral.es\/index.php\/wp-json\/wp\/v2\/pages\/797","targetHints":{"allow":["GET"]}}],"collection":[{"href":"https:\/\/digestivointegral.es\/index.php\/wp-json\/wp\/v2\/pages"}],"about":[{"href":"https:\/\/digestivointegral.es\/index.php\/wp-json\/wp\/v2\/types\/page"}],"author":[{"embeddable":true,"href":"https:\/\/digestivointegral.es\/index.php\/wp-json\/wp\/v2\/users\/2"}],"replies":[{"embeddable":true,"href":"https:\/\/digestivointegral.es\/index.php\/wp-json\/wp\/v2\/comments?post=797"}],"version-history":[{"count":48,"href":"https:\/\/digestivointegral.es\/index.php\/wp-json\/wp\/v2\/pages\/797\/revisions"}],"predecessor-version":[{"id":1724,"href":"https:\/\/digestivointegral.es\/index.php\/wp-json\/wp\/v2\/pages\/797\/revisions\/1724"}],"up":[{"embeddable":true,"href":"https:\/\/digestivointegral.es\/index.php\/wp-json\/wp\/v2\/pages\/396"}],"wp:featuredmedia":[{"embeddable":true,"href":"https:\/\/digestivointegral.es\/index.php\/wp-json\/wp\/v2\/media\/806"}],"wp:attachment":[{"href":"https:\/\/digestivointegral.es\/index.php\/wp-json\/wp\/v2\/media?parent=797"}],"curies":[{"name":"wp","href":"https:\/\/api.w.org\/{rel}","templated":true}]}}