{"id":884,"date":"2015-03-30T10:37:35","date_gmt":"2015-03-30T10:37:35","guid":{"rendered":"http:\/\/digestivointegral.es\/?page_id=884"},"modified":"2026-01-25T17:40:26","modified_gmt":"2026-01-25T17:40:26","slug":"tiempo-de-transito-colonico-con-marcadores-radiopacos","status":"publish","type":"page","link":"https:\/\/digestivointegral.es\/index.php\/nuestra-cartera-de-servicios\/tiempo-de-transito-colonico-con-marcadores-radiopacos\/","title":{"rendered":"Tiempo de tr\u00e1nsito col\u00f3nico con marcadores radiopacos"},"content":{"rendered":"<p><span style=\"font-size: 12pt; color: #333399;\"><strong>\u00bfQu\u00e9 es?<\/strong><\/span><\/p>\n<p>Consiste en la medici\u00f3n del tiempo que tarda el bolo fecal en pasar desde el ciego al ano, es decir el tiempo que tarda en recorrer todo el colon.<\/p>\n<p>&nbsp;<\/p>\n<p><span style=\"color: #333399; font-size: 12pt;\"><strong>\u00bfC\u00f3mo se realiza?<\/strong><\/span><\/p>\n<p>Con la administraci\u00f3n de 60 marcadores radiopacos y la realizaci\u00f3n posterior de radiograf\u00edas.<\/p>\n<p>Los marcadores son peque\u00f1os anillos de Tungsteno, un material de aspecto pl\u00e1stico no t\u00f3xico para el organismo, ya que se expulsa sin digerir, y que adem\u00e1s se ve muy bien en las radiograf\u00edas, ya que es metal.<\/p>\n<p>Estos peque\u00f1os anillos, de unos 2 o 3 mil\u00edmetros de di\u00e1metro y 1\/2 mil\u00edmetro de grosor, se meten dentro de peque\u00f1as c\u00e1psulas como si fuera un medicamento, administr\u00e1ndose con un poco de agua. Posteriormente se realizan las radiograf\u00edas para ver como se desplazan dentro de nuestro colon.<\/p>\n<p>&nbsp;<\/p>\n<p><a href=\"http:\/\/digestivointegral.es\/wp-content\/uploads\/2015\/03\/macadores3.jpg\"><img loading=\"lazy\" decoding=\"async\" class=\"alignnone wp-image-886\" src=\"http:\/\/digestivointegral.es\/wp-content\/uploads\/2015\/03\/macadores3.jpg\" alt=\"macadores3\" width=\"450\" height=\"186\" srcset=\"https:\/\/digestivointegral.es\/wp-content\/uploads\/2015\/03\/macadores3.jpg 800w, https:\/\/digestivointegral.es\/wp-content\/uploads\/2015\/03\/macadores3-300x124.jpg 300w\" sizes=\"auto, (max-width: 450px) 100vw, 450px\" \/><img loading=\"lazy\" decoding=\"async\" class=\"alignleft wp-image-888\" src=\"http:\/\/digestivointegral.es\/wp-content\/uploads\/2015\/03\/macadores1-e1427711408504.jpg\" alt=\"macadores1\" width=\"153\" height=\"186\" \/><\/a><\/p>\n<p>&nbsp;<\/p>\n<p><span style=\"color: #333399; font-size: 12pt;\"><strong>\u00bfQu\u00e9 m\u00e9todo seguimos?<\/strong><\/span><\/p>\n<p>El aconsejado por el Grupo Espa\u00f1ol de Motilidad Digestiva. Se administran 2 c\u00e1psulas con 10 marcadores cada una (20 marcadores en total) el primer, segundo y tercer d\u00eda del estudio. Posteriormente se realiza una radiograf\u00eda simple de abdomen al cuarto, s\u00e9ptimo y d\u00e9cimo d\u00eda.<\/p>\n<p>&nbsp;<\/p>\n<p><span style=\"color: #333399; font-size: 12pt;\"><strong>\u00bfQu\u00e9 preparaci\u00f3n necesito?<\/strong><\/span><\/p>\n<p>Ninguna, tan solo es aconsejable durante los d\u00edas que dura el estudio no usar laxantes ni otros medicamentos que alteren el movimiento intestinal.<\/p>\n<p>&nbsp;<\/p>\n<p><span style=\"color: #333399; font-size: 12pt;\"><strong>\u00bfExisten contraindicaciones o complicaciones?<\/strong><\/span><\/p>\n<p>No existen contraindicaciones ni complicaciones con el procedimiento habitual.<\/p>\n<p>&nbsp;<\/p>\n<p><span style=\"color: #333399; font-size: 12pt;\"><strong>Indicaciones del Estudio de Tiempo de Tr\u00e1nsito Col\u00f3nico con Marcas Radiopacas:<\/strong><\/span><\/p>\n<ul>\n<li>Estre\u00f1imiento cr\u00f3nico<\/li>\n<\/ul>\n<p><a href=\"https:\/\/digestivointegral.es\/wp-content\/uploads\/2026\/01\/Cosentimiento-Transito-colonico-con-marcadores.pdf\"><br \/><img loading=\"lazy\" decoding=\"async\" class=\"alignnone wp-image-1681 alignleft\" src=\"https:\/\/digestivointegral.es\/wp-content\/uploads\/2026\/01\/descarga_pdf.jpg\" alt=\"\" width=\"50\" height=\"53\"> <\/a><\/p>\n<p>&nbsp;<\/p>\n<p style=\"text-align: left;\">(Descarga informaci\u00f3n al paciente y consentimiento informado)<\/p>\n<p>&nbsp;<\/p>\n<p>&nbsp;<\/p>\n","protected":false},"excerpt":{"rendered":"<p>\u00bfQu\u00e9 es? Consiste en la medici\u00f3n del tiempo que tarda el bolo fecal en pasar desde el ciego al ano, es decir el tiempo que tarda en recorrer todo el colon. &nbsp; \u00bfC\u00f3mo se realiza? Con la administraci\u00f3n de 60 marcadores radiopacos y la realizaci\u00f3n posterior de radiograf\u00edas. Los marcadores son peque\u00f1os anillos de Tungsteno, &hellip; <\/p>\n<p><a class=\"more-link block-button\" href=\"https:\/\/digestivointegral.es\/index.php\/nuestra-cartera-de-servicios\/tiempo-de-transito-colonico-con-marcadores-radiopacos\/\">Continuar leyendo &raquo;<\/a><\/p>\n","protected":false},"author":2,"featured_media":886,"parent":396,"menu_order":0,"comment_status":"open","ping_status":"open","template":"","meta":{"ngg_post_thumbnail":0,"footnotes":""},"class_list":["post-884","page","type-page","status-publish","has-post-thumbnail","hentry","nodate"],"_links":{"self":[{"href":"https:\/\/digestivointegral.es\/index.php\/wp-json\/wp\/v2\/pages\/884","targetHints":{"allow":["GET"]}}],"collection":[{"href":"https:\/\/digestivointegral.es\/index.php\/wp-json\/wp\/v2\/pages"}],"about":[{"href":"https:\/\/digestivointegral.es\/index.php\/wp-json\/wp\/v2\/types\/page"}],"author":[{"embeddable":true,"href":"https:\/\/digestivointegral.es\/index.php\/wp-json\/wp\/v2\/users\/2"}],"replies":[{"embeddable":true,"href":"https:\/\/digestivointegral.es\/index.php\/wp-json\/wp\/v2\/comments?post=884"}],"version-history":[{"count":16,"href":"https:\/\/digestivointegral.es\/index.php\/wp-json\/wp\/v2\/pages\/884\/revisions"}],"predecessor-version":[{"id":1733,"href":"https:\/\/digestivointegral.es\/index.php\/wp-json\/wp\/v2\/pages\/884\/revisions\/1733"}],"up":[{"embeddable":true,"href":"https:\/\/digestivointegral.es\/index.php\/wp-json\/wp\/v2\/pages\/396"}],"wp:featuredmedia":[{"embeddable":true,"href":"https:\/\/digestivointegral.es\/index.php\/wp-json\/wp\/v2\/media\/886"}],"wp:attachment":[{"href":"https:\/\/digestivointegral.es\/index.php\/wp-json\/wp\/v2\/media?parent=884"}],"curies":[{"name":"wp","href":"https:\/\/api.w.org\/{rel}","templated":true}]}}